 prime factors of j?
2, 3, 5
Suppose -306*v = -305*v - 794. What are the prime factors of v?
2, 397
Let q = -1097 + 3207. List the prime factors of q.
2, 5, 211
Suppose 5*n - 25 = -0*n. Suppose -w = -4*w - n*s + 54, 2*w + 2*s = 36. What are the prime factors of w?
2, 3
Suppose m - 4*o = 220, -2*m - 2*m - 3*o = -823. List the prime factors of m.
2, 13
Let w(i) = 2*i**2 + 14*i + 9. List the prime factors of w(13).
23
Let f(w) = 8*w**2 + 4*w**3 + 5 + 0*w + w - 3*w**3. Let q be f(-8). What are the prime factors of (-8)/q*264/32?
2, 11
Let h(s) = 2*s**2 + s. Let n be h(1). Suppose 0 = n*j + 11 - 53. List the prime factors of j.
2, 7
Suppose 13*m - 11*m = -12. What are the prime factors of (-29 - m)*-2*1?
2, 23
Let m = -39 + 164. Let b = 75 + m. List the prime factors of b.
2, 5
Suppose 71*m - 60*m = 20999. What are the prime factors of m?
23, 83
What are the prime factors of ((-47709)/(-114))/((3/(-2))/(-3))?
3, 31
Suppose -4*o + 286 = m, o - 536 = -2*m + 2*o. List the prime factors of m.
2, 3, 5
Let z(y) = -y**2 + 4*y + 92. Let i be z(0). Let k = i + -41. List the prime factors of k.
3, 17
Suppose 5*f + 68 = -97. Let a = f + 104. List the prime factors of a.
71
Let d(m) = 28*m**2 + 4*m + 15. Let u be d(-4). Suppose 4*r - 269 = u. What are the prime factors of r?
179
Suppose f - 79 = -t + 422, 0 = -2*t + 2*f + 1022. Suppose 0 = 3*d - 88 - t. What are the prime factors of d?
2, 3, 11
Suppose -5*g + 1166 = -2*z, 6*g + 4*z = 11*g - 1172. What are the prime factors of g?
2, 29
Suppose 0 = -22*s + 4259 + 6587. What are the prime factors of s?
17, 29
Suppose -9*n + 13152 = 15*n. List the prime factors of n.
2, 137
Let a be (5 + (-153)/6)*(-1 + -5). Let g = a + -60. What are the prime factors of g?
3, 7
Let q = 1261 + -724. List the prime factors of q.
3, 179
Let q(c) = c**2 + 3*c - 7. What are the prime factors of q(-13)?
3, 41
Suppose 8*n - 3*n = -195. Let j = 92 + n. What are the prime factors of j?
53
Suppose -2*h - 3865 = -2*q - 10255, -5*h + 2*q + 15966 = 0. What are the prime factors of h?
2, 3, 7, 19
Suppose 5*f + 1007 = z - 770, -3*f - 7074 = -4*z. What are the prime factors of z?
3, 19, 31
Suppose -77*u + 75*u - 1150 = -s, -s + 5*u = -1162. What are the prime factors of s?
2, 571
Suppose 816 = 2*q + q. Suppose 0 = -0*p + 4*p - q. What are the prime factors of ((-1)/(-2))/(2/p)?
17
Suppose 534 + 3106 = 7*q. What are the prime factors of q?
2, 5, 13
Suppose -2*p = 33*p - 9800. What are the prime factors of p?
2, 5, 7
Suppose -3*f - 5*g = -4 - 57, 5*f + g = 65. Suppose b - 5*b - 4*u = -728, 0 = 4*u - f. What are the prime factors of b?
179
Let b(s) = -16*s + 6*s + 18 + 2*s**2 + 0*s - 4*s. List the prime factors of b(13).
2, 3, 29
Let s(f) be the first derivative of f**2/2 - 2*f - 5. Let j be s(6). Suppose -59 = -j*b + 3*v, -v - 4 = -3. What are the prime factors of b?
2, 7
Suppose 0 = p + 5, 2*c + 3*c - p - 25 = 0. Suppose -9*x + c*x + 20 = 0. Suppose 0 = -x*r + 72 + 16. List the prime factors of r.
2, 11
Let n(v) be the second derivative of 0 + 1/20*v**5 + 1/6*v**3 - 2/3*v**4 + 2*v**2 - 5*v. List the prime factors of n(8).
2, 3
Let a = 42 - 29. Let y = 49 - a. Let c = y + 6. List the prime factors of c.
2, 3, 7
Let r be (6/(-5))/((-30)/225). Let n(z) be the second derivative of z**3/2 - z**2/2 - 2*z. List the prime factors of n(r).
2, 13
Let v(w) = -w**3 + 36*w**2 + 8*w + 85. What are the prime factors of v(30)?
5, 229
What are the prime factors of 10776/(-20)*70/(-28)?
3, 449
Let d be (2/3)/(6/27). Suppose 2*q - 65 = -d*k, -4*q = -6 - 10. What are the prime factors of k?
19
Suppose -z - 5 = 3*g + 2*g, -4*z - 3*g = -14. Let l(i) = -4*i - 3. Let x be l(-8). Let d = x - z. What are the prime factors of d?
2, 3
Suppose 8*w - 33 - 135 = 0. Suppose -w*l + 308 = -7*l. What are the prime factors of l?
2, 11
Let p(v) = v**2 + 15*v. Let w be p(-15). Suppose w = -y, -5*y - 14 = d - 52. List the prime factors of d.
2, 19
Suppose -2*a = a - 36. Let b = a + 2. Let f = b + -12. What are the prime factors of f?
2
Let u(a) = 10*a**2 + 10*a + 12. Let w be u(-8). Suppose -6*b + w = -94. What are the prime factors of b?
3, 37
Let k(j) = 17*j**3 - 1. Let a be k(2). Suppose -16*o = -19*o - a. Let q = -4 - o. List the prime factors of q.
41
Let w = 124 + 198. List the prime factors of w.
2, 7, 23
List the prime factors of (2*1/(-2))/(57/(-13281)).
233
Let q = 36 - 32. Suppose 0*n - q*n = -160. Let l = n - 23. List the prime factors of l.
17
Suppose -6*j + 2*j + 3*c - 655 = 0, -2*c + 817 = -5*j. List the prime factors of 0 + -2*j/2.
163
Let o be 2/((-11)/(-22)*(-8)/(-10)). Let f be 115/(-4)*(2 + -6). Suppose -4*n = g - 180, -f = -o*n + g + 101. List the prime factors of n.
2, 11
Let y(a) = a**2 + 13*a - 39. Let f be y(-12). Let p = f - -304. What are the prime factors of p?
11, 23
Suppose t + t + 12 = 0. Let n(g) = -g**3 - 6*g**2 + 2. Let r be n(t). Suppose 0 - 4 = 4*q, -y = q - r. What are the prime factors of y?
3
Suppose 44 = 3*d + 11. What are the prime factors of (0 + 2)*(-2 - d)*-7?
2, 7, 13
Suppose 3*a = 7*a - 12. List the prime factors of (1 + a)*3*(-14)/(-4).
2, 3, 7
Let x be (-4)/1 + (0 - -9). Suppose 2*s - x*s + 75 = 3*t, -2*t + 74 = 3*s. List the prime factors of s.
2, 3
Let u be (-78)/(6/(-3)) + -2. Suppose -3*o - 8*j = -3*j + 36, 0 = -4*o + j - 48. Let q = u + o. List the prime factors of q.
5
Suppose 5*g + 4*g = 108. Let b(k) = k**2 - 8*k - 5. List the prime factors of b(g).
43
Suppose 3*z + 10 = 5*z. Suppose -2*j - 20 = -3*f, 5*f - 45 = -0*j + z*j. Let p(m) = -m**2 - 8*m + 6. List the prime factors of p(j).
13
Suppose 4*n = 2*o + 2834, 2*n + 21*o - 24*o - 1415 = 0. List the prime factors of n.
709
Let r(o) = -o**3 - 24*o**2 - 7*o + 2. Let x be r(-23). Let s = x - -556. What are the prime factors of s?
2, 5, 19
Suppose 2*p = 5*p + 87. Let k be (5/5)/(3/123). Let w = p + k. List the prime factors of w.
2, 3
Let d(f) = f**3 - f**2 - 4. Let r be d(0). Let i be -12 + r + (3 - 0). What are the prime factors of (2 + -1)/(i/(-611))?
47
Suppose 11*a = 7*a + 12. Suppose 0 = 3*g - 4*q - 604, a*g - 647 + 28 = q. Suppose -4*f - 2*v + v = -g, 5*f = 2*v + 247. List the prime factors of f.
3, 17
Let h(u) = u**2 - 13*u + 9. Let f be h(8). Let n = f + -4. What are the prime factors of ((-28)/n)/((-2)/(-105))?
2, 3, 7
Suppose 2 + 0 = i. List the prime factors of 1 - 0 - (i - 99).
2, 7
Suppose 2 = 2*j - 2, 2*d - 78 = 3*j. List the prime factors of d.
2, 3, 7
Let o = 1670 - -996. List the prime factors of o.
2, 31, 43
Suppose -41 = 3*m - 2*s, 2*m = -s - 0*s - 32. Suppose j + 6 = 5*h - 2*h, 0 = -h. Let q = j - m. What are the prime factors of q?
3
Let n(g) = 2*g**3 + 3*g**2 + 4*g - 3. Let u be n(-3). What are the prime factors of (-15)/(-5 + 0) - u?
3, 5
Suppose h + 0*h = 2*d - 12, -2*d = -8. Let t be (-2)/h + 61/(-2). Let p = -19 - t. What are the prime factors of p?
11
Suppose -7*n = -2*n - 5. What are the prime factors of 3 + 1 - n*-1*194?
2, 3, 11
Let u(s) = 43*s - 104. What are the prime factors of u(9)?
283
Let k = -7787 - -13612. List the prime factors of k.
5, 233
Let j = -11 - -11. Suppose j*r - 2*r - 48 = 0. What are the prime factors of (32/r)/((-1)/18)?
2, 3
Let z = -42 + 62. Suppose -7*c - 32*c + 1950 = 0. Let x = z + c. What are the prime factors of x?
2, 5, 7
Suppose -2*q + 7*q - 20 = 0. Let m = -1 + q. Suppose -m*n = -28 - 59. What are the prime factors of n?
29
Let y(g) be the third derivative of -g**6/60 - g**5/10 - g**4/8 - 5*g**3/6 + 16*g**2. Let w(o) = -2*o + 2. Let p be w(3). What are the prime factors of y(p)?
3, 13
Let t be (-2)/((4/2)/(-4)). Suppose -4*p - t*l + 64 = 0, 2*l = p - 0*l - 4. Suppose -p*o + 11*o + 6 = 0. What are the prime factors of o?
2, 3
Suppose 3*k - 2*p = 407 + 105, -4*p = 4. Suppose -3*b + k = -8*b. What are the prime factors of (b/8)/(5/(-20))?
17
Suppose 3*n = 5*x + 4, -5*x - 6 + 17 = 2*n. Suppose 4*y + 4*g = 12, -1 = y - n*g + 16. Let q = y + 6. List the prime factors of q.
2
Let x(n) be the first derivative of -3*n**4/4 - 5*n**3/3 + 9*n**2/2 + 9*n + 22. List the prime factors of x(-5).
2, 107
Suppose 1140 = 5*l + 5*o, 2*l - 2*o - 409 = 59. What are the prime factors of l?
3, 7, 11
Let r = -505 + 713. What are the prime factors of r?
2, 13
Suppose 144*s + 15983 = 155*s. What are the prime factors of s?
1453
Suppose 4 = 2*k 